{"id":31,"date":"2018-07-04T11:34:50","date_gmt":"2018-07-04T14:34:50","guid":{"rendered":"http:\/\/renatoluisbandeira.com.br\/site\/?page_id=31"},"modified":"2018-07-20T10:58:41","modified_gmt":"2018-07-20T13:58:41","slug":"minha-historia","status":"publish","type":"page","link":"https:\/\/renatoluisbandeira.com.br\/site\/minha-historia\/","title":{"rendered":"MINHA HIST\u00d3RIA"},"content":{"rendered":"<p style=\"font-weight: 400;\">Sou da cidade grande, mas minha alma \u00e9 sertaneja.\u00a0Nas andan\u00e7as pela vida nas veredas do sert\u00e3o, ora empoeiradas, ora verdejantes, encontrei minhas ra\u00edzes em meio a hist\u00f3ria de andarilhos passados. Ouvir as cantilenas\u00a0de Dona Lili de Ventura, as observa\u00e7\u00f5es de Dona Iai\u00e1, de Len\u00e7\u00f3is, a experi\u00eancia de dona Chiquinha, de Central, sentir a for\u00e7a e o encanto dos versos de Manchinha em Nova Reden\u00e7\u00e3o&#8230; Acabei por juntar as pe\u00e7as, encontrando minhas origens perdidas atrav\u00e9s das pedras que rolam cachoeira abaixo e nos regatos cristalinos da Chapada Diamantina, onde as gemas preciosas cintilam com o raio do sol.<\/p>\n<p style=\"font-weight: 400;\">Minha natureza sempre foi desbravadora e aventureira. Preferi os arquivos p\u00fablicos \u00e0s salas de aula e constru\u00ed minha trajet\u00f3ria ouvindo o povo do sert\u00e3o. De natureza inquieta, encontrei nas trilhas, o sil\u00eancio e a inspira\u00e7\u00e3o para meus escritos. Desde o ano de\u00a01973,\u00a0percorro estradas de Norte a Sul da Bahia, &#8220;de baixo a riba em lug\u00e1 riscoso&#8221; como se diz no sert\u00e3o, desenvolvendo pesquisas aqui e acol\u00e1, em busca de reminisc\u00eancias do meu eu, do povo sertanejo, da nossa pr\u00f3pria hist\u00f3ria brasileira.<\/p>\n<p style=\"font-weight: 400;\">Fui editor-chefe por\u00a020 anos do\u00a0Jornal <em>Correio da Chapada<\/em>. Editei tamb\u00e9m revistas tur\u00edsticas e pol\u00edticas na Chapada Diamantina. A <em>Revista Munic\u00edpios da Bahia<\/em> foi um marco na regi\u00e3o.\u00a0Ocupei cargo de Secret\u00e1rio de Turismo e Meio Ambiente do Munic\u00edpio de Jussiape, uma das diversas cidades que vivi no interior da Bahia. Fiz pesquisas espeleol\u00f3gicas, sobretudo quando fui diretor da <em>Sociedade Baiana de Espeleologia<\/em>, em Iraquara e, ainda, redescobri as ru\u00ednas de uma cidade perdida\u00a0no interior, em Andara\u00ed. Revelei para o mundo um poss\u00edvel monumento megal\u00edtico em Paramirim, ocasi\u00e3o que o relat\u00f3rio oficial do Governo do Estado da Bahia batizou o monumento como <em>Pedra do Bandeira<\/em>. Ocupei o cargo de presidente da <em>Academia de Letras e Artes da Chapada Diamantina<\/em>, em Andara\u00ed no ano de 2007 que, infelizmente, n\u00e3o continuou por falta de recursos.<\/p>\n<p style=\"font-weight: 400;\">Aceitei convite para fazer parte como s\u00f3cio do <a href=\"http:\/\/www.ighb.org.br\/home\" target=\"_blank\" rel=\"noopener\">Instituto Geogr\u00e1fico e Hist\u00f3rico da Bahia<\/a> no ano de\u00a01985.\u00a0Sou membro da <a href=\"https:\/\/www.facebook.com\/Academia-de-Letras-e-Artes-do-Salvador-ALAS-582246105132450\/\" target=\"_blank\" rel=\"noopener\"><em>ALAS \u2013 Academia de Letras e Arte do Salvador<\/em><\/a> (cadeira 33) e escrevi at\u00e9 2018, 22 t\u00edtulos, entre obras publicadas e in\u00e9ditas ainda no prelo.<\/p>\n<p>Minha alma viajante continua o p\u00e9riplo, agora expandindo a miss\u00e3o de levar nossa cultura e hist\u00f3ria para todo o Brasil, com viagens agendadas aos estados de Alagoas, Sergipe, Pernambuco, Para\u00edba e Piau\u00ed. E enquanto a vida me permitir, continuarei a viajar e escrever, para que nossa hist\u00f3ria se perpetue. E que meus livros falem mais sobre mim, do que eu mesmo.<\/p>\n<p>Abra\u00e7a-lhe o amigo baiano,<\/p>\n<p>Renato Lu\u00eds Bandeira<\/p>\n","protected":false},"excerpt":{"rendered":"<p>Sou da cidade grande, mas minha alma \u00e9 sertaneja.\u00a0Nas andan\u00e7as pela vida nas veredas do sert\u00e3o, ora empoeiradas, ora verdejantes, encontrei minhas ra\u00edzes em meio a hist\u00f3ria de andarilhos passados. Ouvir as cantilenas\u00a0de Dona Lili de Ventura, as observa\u00e7\u00f5es de Dona Iai\u00e1, de Len\u00e7\u00f3is, a experi\u00eancia de dona Chiquinha, de Central, sentir a for\u00e7a e [&hellip;]<\/p>\n","protected":false},"author":1,"featured_media":81,"parent":0,"menu_order":5,"comment_status":"closed","ping_status":"closed","template":"","meta":{"footnotes":""},"class_list":["post-31","page","type-page","status-publish","has-post-thumbnail","hentry"],"_links":{"self":[{"href":"https:\/\/renatoluisbandeira.com.br\/site\/wp-json\/wp\/v2\/pages\/31","targetHints":{"allow":["GET"]}}],"collection":[{"href":"https:\/\/renatoluisbandeira.com.br\/site\/wp-json\/wp\/v2\/pages"}],"about":[{"href":"https:\/\/renatoluisbandeira.com.br\/site\/wp-json\/wp\/v2\/types\/page"}],"author":[{"embeddable":true,"href":"https:\/\/renatoluisbandeira.com.br\/site\/wp-json\/wp\/v2\/users\/1"}],"replies":[{"embeddable":true,"href":"https:\/\/renatoluisbandeira.com.br\/site\/wp-json\/wp\/v2\/comments?post=31"}],"version-history":[{"count":7,"href":"https:\/\/renatoluisbandeira.com.br\/site\/wp-json\/wp\/v2\/pages\/31\/revisions"}],"predecessor-version":[{"id":94,"href":"https:\/\/renatoluisbandeira.com.br\/site\/wp-json\/wp\/v2\/pages\/31\/revisions\/94"}],"wp:featuredmedia":[{"embeddable":true,"href":"https:\/\/renatoluisbandeira.com.br\/site\/wp-json\/wp\/v2\/media\/81"}],"wp:attachment":[{"href":"https:\/\/renatoluisbandeira.com.br\/site\/wp-json\/wp\/v2\/media?parent=31"}],"curies":[{"name":"wp","href":"https:\/\/api.w.org\/{rel}","templated":true}]}}